o base 10
1251969
Convert -24053 (base 7) to base 3.
-22112002
124403234 (base 5) to base 6
21201035
What is -3500541 (base 6) in base 13?
-63664
12112233212 (base 4) to base 13
464417
Convert -20311231122 (base 4) to base 11.
-13429a7
What is 324301312 (base 5) in base 7?
14621144
Convert 58244 (base 11) to base 10.
84143
What is -232001133 (base 5) in base 9?
-1865241
What is -1332460 (base 7) in base 8?
-530105
-12113022 (base 9) to base 2
-10110100011110001000100
Convert 244ab (base 15) to base 14.
302c3
Convert -1021342 (base 7) to base 13.
-43c84
4496984 (base 10) to base 5
2122400414
245635 (base 11) to base 13
107849
Convert 232503143 (base 6) to base 11.
2499720
Convert 2112220220201 (base 3) to base 14.
274567
Convert 1607363 (base 9) to base 7.
10401033
Convert -1122221211 (base 3) to base 7.
-164356
53026376 (base 8) to base 10
11283710
What is 64346 (base 7) in base 15?
4ade
Convert 6513064 (base 8) to base 7.
20544564
Convert 2544233 (base 6) to base 3.
21000202110
Convert 11010122101 (base 3) to base 10.
81388
1121211020222 (base 3) to base 15
1208b5
Convert -24140335 (base 6) to base 11.
-479764
Convert ca35 (base 14) to base 16.
8877
Convert 3825822 (base 10) to base 3.
21012101001010
157230 (base 9) to base 2
10111101101111010
Convert 3240344010 (base 5) to base 13.
159b601
What is -6b114 (base 12) in base 5?
-14043314
4120222 (base 6) to base 4
300013112
What is 1bb09b (base 14) in base 9?
1770011
-10237665 (base 8) to base 13
-5b3a62
What is 22114244 (base 6) in base 14?
1339ac
What is -458a50 (base 11) in base 13?
-1c6c69
-8b5f (base 16) to base 13
-13317
What is -1a2db (base 16) in base 3?
-12110002101
-487168 (base 9) to base 8
-1076052
What is 844b07 (base 12) in base 5?
1013111403
478394 (base 10) to base 6
14130442
What is 1653a28 (base 12) in base 14?
8766c0
Convert -225321216 (base 7) to base 5.
-12014224420
Convert 1027b74 (base 12) to base 6.
145103424
Convert -a9a01a (base 16) to base 10.
-11116570
3020311022 (base 4) to base 2
11001000110101001010
Convert 25709bb (base 12) to base 8.
34054237
Convert 22100020 (base 3) to base 7.
23505
Convert 69543 (base 15) to base 14.
8a2ad
Convert 22424304 (base 7) to base 13.
536379
43163454 (base 7) to base 2
1110000010010101101100
-1307438 (base 12) to base 10
-3745196
Convert -6adacc (base 14) to base 3.
-20212101101001
-17858ab (base 12) to base 15
-66cdce
What is 2e8548 (base 16) in base 6?
145202412
What is -1edd5e (base 15) in base 4?
-11301320012
Convert 1101001010111111101010 (base 2) to base 7.
41230532
Convert 33600462 (base 8) to base 12.
2529b56
-10001000001011101 (base 2) to base 10
-69725
Convert -10201001000 (base 3) to base 14.
-1c811
-1011000001210 (base 3) to base 14
-11c553
23210320232 (base 4) to base 10
3034670
What is 1625f (base 16) in base 3?
11121102222
Convert 2201011210100 (base 3) to base 7.
15146163
Convert 180006 (base 14) to base 3.
1120221100011
What is -778928 (base 13) in base 16?
-2b003d
What is 1454711 (base 8) in base 10?
416201
Convert -11101100011100000 (base 2) to base 16.
-1d8e0
What is 3342001 (base 6) in base 11?
1059a8
241660104 (base 7) to base 5
12323303344
What is 2fcad (base 16) in base 3?
100221112021
-144315 (base 11) to base 8
-670046
What is 3623a (base 11) in base 14?
15042
-1122323 (base 5) to base 14
-75aa
What is -3132201 (base 8) in base 11?
-519637
What is 486141 (base 12) in base 9?
2175334
Convert -1438303 (base 9) to base 10.
-793398
Convert 2033136 (base 9) to base 2.
100001000110111000010
Convert acc8 (base 14) to base 5.
1424333
What is -1400431022 (base 5) in base 15?
-49ae77
What is -110021222221201 (base 3) in base 12?
-2231801
Convert 20513502 (base 6) to base 8.
2225456
What is 3ee75a (base 15) in base 8?
13451211
-26374343 (base 8) to base 16
-59f8e3
What is -3358 (base 11) in base 12?
-2683
Convert -101100001100001010110 (base 2) to base 4.
-11201201112
-31382 (base 13) to base 9
-144345
Convert 30bca (base 13) to base 2.
10101011010011100
-21a8a7 (base 11) to base 7
-2661504
-1746343 (base 9) to base 6
-32525020
-12a591 (base 13) to base 9
-757117
Convert 120222122001 (base 3) to base 8.
1146443
What is 48497 (base 13) in base 5?
13220440
What is -2011001133 (base 4) in base 12?
-223393
What is -25339 (base 16) in base 10?
-152377
What is -15a221 (base 11) in base 12?
-bb507
Convert 7151c0 (base 13) to base 6.
132321122
-33101013300 (base 4) to base 14
-7627ba
What is 147a2 (base 16) in base 3?
11021001110
-1258575 (base 9) to base 16
-a8209
What is 258096 (base 10) in base 11?
166a03
What is -1030322203 (base 4) in base 9?
-530137
What is -220310233 (base 4) in base 15?
-3482a
Convert 100111001010001111010 (base 2) to base 9.
2365181
-22201b (base 13) to base 6
-25122450
Convert 130320212 (base 4) to base 11.
80985
What is -31442233 (base 6) in base 8?
-3413215
-59a28a (base 11) to base 5
-220410144
1640464 (base 9) to base 12
37bba1
-20010002222 (base 3) to base 13
-42a2b
What is 620a6a (base 12) in base 5?
343122421
What is -213013032 (base 4) in base 5?
-20111311
Convert 522342 (base 8) to base 14.
47214
3281069 (base 11) to base 5
2433132234
What is -2882675 (base 9) in base 3?
-2222202202112
Convert -1000110100110111000 (base 2) to base 9.
-480642
What is -c3da (base 15) in base 16?
-a1a4
Convert 124153 (base 9) to base 8.
222720
-1001101112110 (base 3) to base 8
-2103324
Convert 7e82e (base 15) to base 2.
1100010100000001101
Convert -7b0244 (base 14) to base 13.
-b381b2
Convert -11110256 (base 7) to base 15.
-13e90e
What is -1022024 (base 6) in base 4?
-30020200
Convert 1000011010111100111 (base 2) to base 15.
56b63
Convert 21561 (base 10) to base 15.
65c6
Convert 4a9a5d (base 14) to base 9.
4734603
-24076 (base 9) to base 15
-4b8c
-6d498b (base 14) to base 8
-16207117
Convert ad9a38 (base 14) to base 3.
102002222020210
Convert 7a0166 (base 11) to base 12.
5152b4
1587bc9 (base 14) to base 6
1014023045
Convert -101000001001000101 (base 2) to base 16.
-28245
Convert -210020000111 (base 3) to base 14.
-ac33c
24540303 (base 6) to base 13
218b6b
Convert 1752453 (base 9) to base 8.
3570733
Convert -62170 (base 11) to base 16.
-16252
-10111110001001011101 (base 2) to base 13
-213672
-674154 (base 10) to base 12
-286176
What is -303774 (base 10) in base 15?
-60019
Convert -15ab48a (base 12) to base 3.
-22101110010021
-814241 (base 9) to base 3
-220111021101
What is 3410421 (base 7) in base 12?
184803
What is -543179 (base 11) in base 10?
-868019
30244140 (base 5) to base 2
111011011111010110
What is -49170 (base 11) in base 16?
-11455
94760 (base 10) to base 8
271050
What is 6b18f (base 16) in base 11?
27a642
What is -30233001220 (base 4) in base 13?
-8cb669
Convert -4b0175 (base 14) to base 6.
-131101243
Convert 11052053 (base 6) to base 12.
141029
Convert 35862 (base 14) to base 10.
130622
252430 (base 10) to base 16
3da0e
Convert -20232 (base 11) to base 7.
-152115
6bd30 (base 14) to base 16
40466
What is -12170213 (base 9) in base 6?
-331314533
Convert -61330 (base 13) to base 5.
-21032414
What is 2cebae (base 16) in base 5?
1223201133
Convert 320640 (base 8) to base 3.
12102122201
Convert 1130132133 (base 5) to base 7.
30646555
1003541 (base 6) to base 4
23212111
Convert -13010021110 (base 4) to base 10.
-1851988
What is 110100010011001111101 (base 2) in base 4?
12202121331
156b (base 12) to base 10
2531
Convert 1101110011001111 (base 2) to base 5.
3302102
Convert -21120211 (base 3) to base 8.
-12632
-1014665 (base 7) to base 16
-1dba3
Convert -32333121 (base 5) to base 11.
-17a369
Convert 9e772 (base 15) to base 3.
221122010022
1006303 (base 7) to base 12
59441
-10000110010110001000 (base 2) to base 4
-2012112020
-10100000110010101001 (base 2) to base 10
-658601
Convert -507178 (base 16) to base 5.
-2322200203
200231300032 (base 4) to base 2
100000101101110000001110
Convert 55402316 (base 8) to base 3.
211110001012202
Convert 13525431 (base 6) to base 3.
212111121001
Convert -202203310 (base 4) to base 10.
-141556
What is -1030201 (base 6) in base 8?
-142671
2425608 (base 10) to base 9
4506270
Convert -114324303 (base 5) to base 13.
-15cba2
What is 10001000011100 (base 2) in base 11?
6619
Convert -22670 (base 12) to base 13.
-17b5c
Convert 20311031122 (base 4) to base 5.
1043040343
-14152044 (